{"id":92,"date":"2018-05-03T11:31:44","date_gmt":"2018-05-03T09:31:44","guid":{"rendered":"http:\/\/www.di-druck.de\/?page_id=92"},"modified":"2018-05-03T11:56:39","modified_gmt":"2018-05-03T09:56:39","slug":"gewinner-2014-galaxi-2-0-das-buch","status":"publish","type":"page","link":"https:\/\/www.di-druck.de\/index.php\/gewinner-2014-galaxi-2-0-das-buch\/","title":{"rendered":"Gewinner 2014: Galaxi 2.0 \u2013 das Buch"},"content":{"rendered":"<p><img loading=\"lazy\" decoding=\"async\" class=\"size-medium wp-image-267 alignleft\" src=\"https:\/\/www.di-druck.de\/wp-content\/uploads\/2018\/05\/Galaxi2-0-Buch-bestechend-elegant-300x200.jpg\" alt=\"Galaxi2 0 Buch bestechend elegant\" width=\"300\" height=\"200\" \/>\u201eGALAXI 2.0\u201c ist der Gewinner des DID-Awards 2014. Die Gewinnertroph\u00e4e f\u00fcr die gek\u00fcrte Druckweiterverarbeitung durfte die K\u00f6sel GmbH &amp; Co. KG aus Altusried-Krugzell als einreichende Druckerei in Empfang nehmen. Des Weiteren beteiligt waren Kirchner Print.Media GmbH &amp; Co. KG aus Kirchlengern, fp1 GmbH production+customizing und crone Werbeagentur GmbH aus Hamburg, SIEBtuDRUCK GmbH &amp; Co. KG aus Schlo\u00df Holte-Stuckenbrock, Oliver Bauer Druckkonfektionierung aus Krugzell, Dalla Betta Kartonagen aus Kempten und Richard Mayer Buchbinderei GmbH aus Esslingen am Neckar. \u00dcberreicht wurde der Preis auf der \u201ePrintNight\u201c in Stuttgart von Dr. Paul Albert Deimel, Gesch\u00e4ftsf\u00fchrer des Bundesverbandes Druck und Medien und des Deutschen Institut Druck.<\/p>\n<p><img loading=\"lazy\" decoding=\"async\" class=\"size-medium wp-image-269 alignright\" src=\"https:\/\/www.di-druck.de\/wp-content\/uploads\/2018\/05\/Galaxi2-0-Buch-p\u00e4sentiert-sich-selbstbewu\u00dft-300x200.jpg\" alt=\"Galaxi2 0 Buch p\u00e4sentiert sich selbstbewu\u00dft\" width=\"300\" height=\"200\" \/>Die Begr\u00fcndung der Jury lautet: Das \u00c4u\u00dfere von \u201eGALAXI 2.0\u201c l\u00e4sst zun\u00e4chst vermuten, dass es sich um ein ganz anderes Objekt handelt. Provokant und originell pr\u00e4sentiert die Papierunion ihre neuesten Produkte in Gestalt eines Tablets \u2013 ein Buch im Querformat, eingebettet in eine schicke, Corporate-Design-gerechte Filzh\u00fclle. Die Vorz\u00fcge von Printprodukten werden in einer Reihe von interessanten, oft witzigen Features, Stories aus Kultur, Kunst und Kommunikation pr\u00e4sentiert und den M\u00f6glichkeiten und Eigenschaften elektronischer Medien gegen\u00fcbergestellt. Die ausgew\u00e4hlten Papiere werden zur eindrucksvollen \u201eB\u00fchne\u201c dieser Botschaften.<\/p>\n<p>Den Anspruch \u201eInnovation\u201c des DID-Awards erf\u00fcllt das Tablet-Buch \u201eGALAXI 2.0\u201c einmal durch das Konzept, ein gedrucktes Buch durch die gelungene Verarbeitung einem IT-Produkt optisch anzun\u00e4hern. So werden viele Assoziationen geweckt, zu beiden Medienwelten Verbindendes und Trennendes aufgezeigt. Einige buchbinderische Besonderheiten kommen hinzu.<\/p>\n<p><img loading=\"lazy\" decoding=\"async\" class=\"size-medium wp-image-268 alignleft\" src=\"https:\/\/www.di-druck.de\/wp-content\/uploads\/2018\/05\/Galaxi2-0-Buch-For-your-eyes-only-300x200.jpg\" alt=\"Galaxi2 0 Buch For your eyes only\" width=\"300\" height=\"200\" \/>Den Anspruch der \u201emaschinell\/industriellen Machbarkeit\u201c zeigt die Einsendung auf\u00a0verschiedene Weise. Die Kombination aus Falzschemen, wechselnden Papieren, Schlitzstanzung in japanischer Blockbindung, Glanzfolienpr\u00e4gung und umlaufendem Silberschnitt machen das Papier-Tablet zum Hingucker. Eine besondere technische Herausforderung sind die vier abgerundeten\u00a0Ecken an \u00fcberstehender Decke und Block sowie die geringe Buchblockst\u00e4rke. Hierf\u00fcr wurden Techniken entwickelt, die erstmals eine industrielle Verarbeitung in dieser Art erm\u00f6glichen.<\/p>\n<p>\u201eGALAXI 2.0\u201c pr\u00e4sentiert nicht nur die gesamte Papierkollektion in unterschiedlichen Grammaturen, sondern umfasst auch ein gro\u00dfes Spektrum von Druckveredelung und spezielle Techniken der Druckweiterverarbeitung. Als rundum gelungener, sympathischer Botschafter f\u00fcr die Vorz\u00fcge des Mediums Papier und Print hat die Einsendung den DID-Award 2014 verdient.<\/p>\n<p><img loading=\"lazy\" decoding=\"async\" class=\"aligncenter size-large wp-image-270\" src=\"https:\/\/www.di-druck.de\/wp-content\/uploads\/2018\/05\/Papier-Union-r\u00e4umt-ab.-1024x682.jpg\" alt=\"Papier Union r\u00e4umt ab.\" width=\"840\" height=\"559\" \/><\/p>\n","protected":false},"excerpt":{"rendered":"<p>\u201eGALAXI 2.0\u201c ist der Gewinner des DID-Awards 2014. Die Gewinnertroph\u00e4e f\u00fcr die gek\u00fcrte Druckweiterverarbeitung durfte die K\u00f6sel GmbH &amp; Co. KG aus Altusried-Krugzell als einreichende Druckerei in Empfang nehmen. Des Weiteren beteiligt waren Kirchner Print.Media GmbH &amp; Co. KG aus Kirchlengern, fp1 GmbH production+customizing und crone Werbeagentur GmbH aus Hamburg, SIEBtuDRUCK GmbH &amp; Co. KG <a href=\"https:\/\/www.di-druck.de\/index.php\/gewinner-2014-galaxi-2-0-das-buch\/\" class=\"more-link\">...weiterlesen<span class=\"screen-reader-text\"> \"Gewinner 2014: Galaxi 2.0 \u2013 das Buch\"<\/span><\/a><\/p>\n","protected":false},"author":3,"featured_media":0,"parent":0,"menu_order":0,"comment_status":"closed","ping_status":"closed","template":"","meta":{"footnotes":""},"class_list":["post-92","page","type-page","status-publish","h-entry","hentry","h-as-page"],"_links":{"self":[{"href":"https:\/\/www.di-druck.de\/index.php\/wp-json\/wp\/v2\/pages\/92","targetHints":{"allow":["GET"]}}],"collection":[{"href":"https:\/\/www.di-druck.de\/index.php\/wp-json\/wp\/v2\/pages"}],"about":[{"href":"https:\/\/www.di-druck.de\/index.php\/wp-json\/wp\/v2\/types\/page"}],"author":[{"embeddable":true,"href":"https:\/\/www.di-druck.de\/index.php\/wp-json\/wp\/v2\/users\/3"}],"replies":[{"embeddable":true,"href":"https:\/\/www.di-druck.de\/index.php\/wp-json\/wp\/v2\/comments?post=92"}],"version-history":[{"count":3,"href":"https:\/\/www.di-druck.de\/index.php\/wp-json\/wp\/v2\/pages\/92\/revisions"}],"predecessor-version":[{"id":136,"href":"https:\/\/www.di-druck.de\/index.php\/wp-json\/wp\/v2\/pages\/92\/revisions\/136"}],"wp:attachment":[{"href":"https:\/\/www.di-druck.de\/index.php\/wp-json\/wp\/v2\/media?parent=92"}],"curies":[{"name":"wp","href":"https:\/\/api.w.org\/{rel}","templated":true}]}}