{"id":76,"date":"2018-05-03T11:25:26","date_gmt":"2018-05-03T09:25:26","guid":{"rendered":"http:\/\/www.di-druck.de\/?page_id=76"},"modified":"2018-05-03T12:03:59","modified_gmt":"2018-05-03T10:03:59","slug":"gewinner-2007-geschaeftsbericht-gildemeister-2006","status":"publish","type":"page","link":"https:\/\/www.di-druck.de\/index.php\/gewinner-2007-geschaeftsbericht-gildemeister-2006\/","title":{"rendered":"Gewinner 2007: Gesch\u00e4ftsbericht Gildemeister 2006"},"content":{"rendered":"<p><img loading=\"lazy\" decoding=\"async\" class=\"size-medium wp-image-246 alignleft\" src=\"https:\/\/www.di-druck.de\/wp-content\/uploads\/2018\/05\/Bild1-300x199.jpg\" alt=\"Bild1\" width=\"300\" height=\"199\" \/>In der Union Halle Frankfurt am Main wurde am 19. September 2007 zum zweiten Mal der von der Gruppe Druckweiterverarbeitung im Deutschen Institut Druck E. V. (DID), Wiesbaden, gestiftete \u201eDID-Award f\u00fcr innovative Druckweiterverarbeitung\u201c in Kooperation mit dem Deutschen Innovationspreis der Druckindustrie vergeben. Der Deutsche Drucker hat wieder eine gelungene Preisverleihung organisiert.<\/p>\n<p>Der DID-Award 2007 ging an die Kolibri GmbH Industrielle Buchbinderei, Schwabm\u00fcnchen, f\u00fcr den Gesch\u00e4ftsbericht Gildemeister 2006.\u00a0An der Schaffung des von der Gildemeister Aktiengesellschaft, Bielefeld, in Auftrag gegebenen Berichts\u00a0waren beteiligt: die Agentur Montfort Werbung GmbH, A-Klaus; und die Ausf\u00fchrenden G.\u00a0Peschke Druckerei GmbH, M\u00fcnchen; Dalla-Betta Kartonagen, Kempten; Seismographics JK GmbH, Unterschlei\u00dfheim; Registerstanzerei Braun GmbH, Schrobenhausen.<\/p>\n<p>\u00dcberreicht wurde der Preis im Rahmen der PrintNight von Rolf Schwarz, Pr\u00e4sident des bvdm; Michael Neugart, stellvertretender Vorsitzender des DID und Sprecher der Gruppe Druckweiterverarbeitung im DID; und Franz-Rudolf Vogl, Vorsitzender des Fachbereiches Druckweiterverarbeitung im bvdm.<\/p>\n<p><img loading=\"lazy\" decoding=\"async\" class=\"aligncenter wp-image-247 size-large\" src=\"https:\/\/www.di-druck.de\/wp-content\/uploads\/2018\/05\/Bild2-1024x681.jpg\" alt=\"Bild2\" width=\"840\" height=\"559\" \/><\/p>\n<p><img loading=\"lazy\" decoding=\"async\" class=\"aligncenter wp-image-248 size-full\" src=\"https:\/\/www.di-druck.de\/wp-content\/uploads\/2018\/05\/Bild3.jpg\" alt=\"Bild3\" width=\"1500\" height=\"997\" \/><\/p>\n<p><img loading=\"lazy\" decoding=\"async\" class=\"aligncenter wp-image-249 size-full\" src=\"https:\/\/www.di-druck.de\/wp-content\/uploads\/2018\/05\/Bild4.jpg\" alt=\"Bild4\" width=\"1526\" height=\"1013\" \/><\/p>\n","protected":false},"excerpt":{"rendered":"<p>In der Union Halle Frankfurt am Main wurde am 19. September 2007 zum zweiten Mal der von der Gruppe Druckweiterverarbeitung im Deutschen Institut Druck E. V. (DID), Wiesbaden, gestiftete \u201eDID-Award f\u00fcr innovative Druckweiterverarbeitung\u201c in Kooperation mit dem Deutschen Innovationspreis der Druckindustrie vergeben. Der Deutsche Drucker hat wieder eine gelungene Preisverleihung organisiert. Der DID-Award 2007 ging <a href=\"https:\/\/www.di-druck.de\/index.php\/gewinner-2007-geschaeftsbericht-gildemeister-2006\/\" class=\"more-link\">...weiterlesen<span class=\"screen-reader-text\"> \"Gewinner 2007: Gesch\u00e4ftsbericht Gildemeister 2006\"<\/span><\/a><\/p>\n","protected":false},"author":3,"featured_media":0,"parent":0,"menu_order":0,"comment_status":"closed","ping_status":"closed","template":"","meta":{"footnotes":""},"class_list":["post-76","page","type-page","status-publish","h-entry","hentry","h-as-page"],"_links":{"self":[{"href":"https:\/\/www.di-druck.de\/index.php\/wp-json\/wp\/v2\/pages\/76","targetHints":{"allow":["GET"]}}],"collection":[{"href":"https:\/\/www.di-druck.de\/index.php\/wp-json\/wp\/v2\/pages"}],"about":[{"href":"https:\/\/www.di-druck.de\/index.php\/wp-json\/wp\/v2\/types\/page"}],"author":[{"embeddable":true,"href":"https:\/\/www.di-druck.de\/index.php\/wp-json\/wp\/v2\/users\/3"}],"replies":[{"embeddable":true,"href":"https:\/\/www.di-druck.de\/index.php\/wp-json\/wp\/v2\/comments?post=76"}],"version-history":[{"count":4,"href":"https:\/\/www.di-druck.de\/index.php\/wp-json\/wp\/v2\/pages\/76\/revisions"}],"predecessor-version":[{"id":160,"href":"https:\/\/www.di-druck.de\/index.php\/wp-json\/wp\/v2\/pages\/76\/revisions\/160"}],"wp:attachment":[{"href":"https:\/\/www.di-druck.de\/index.php\/wp-json\/wp\/v2\/media?parent=76"}],"curies":[{"name":"wp","href":"https:\/\/api.w.org\/{rel}","templated":true}]}}