{"id":73,"date":"2018-05-03T11:24:32","date_gmt":"2018-05-03T09:24:32","guid":{"rendered":"http:\/\/www.di-druck.de\/?page_id=73"},"modified":"2018-05-03T12:04:43","modified_gmt":"2018-05-03T10:04:43","slug":"gewinner-2006-grundkurs-programmieren-in-java","status":"publish","type":"page","link":"https:\/\/www.di-druck.de\/index.php\/gewinner-2006-grundkurs-programmieren-in-java\/","title":{"rendered":"Gewinner 2006: Grundkurs Programmieren in Java"},"content":{"rendered":"<p><img loading=\"lazy\" decoding=\"async\" class=\"alignleft wp-image-242 size-medium\" src=\"https:\/\/www.di-druck.de\/wp-content\/uploads\/2018\/05\/IMG_0002-e1454429811285-263x300.jpg\" alt=\"IMG_0002\" width=\"263\" height=\"300\" \/>Mit dem DID-Award 2006 wurde ein Fachbuch ausgezeichnet, welches in einem neuartigen Einbandverfahren hergestellt wurde. Es handelt sich hier um einen Festeinband, der durch die sehr flexible Decke und gute Haptik eine Besonderheit darstellt. Das Buch\u00a0vereint die Optik des Hardcovers mit der Haptik einer Broschur.<\/p>\n<p>Die Einlage ist nicht eine steife Pappe in einer Lage, sondern mehrere d\u00fcnne, nicht verklebte Lagen \u00fcbereinander gefaltet. Dadurch entsteht eine sehr flexible Decke, die einer hohen Beanspruchung standh\u00e4lt.\u00a0Die R\u00fcckeneinlage ist gleich mit eingearbeitet und bedarf keiner zus\u00e4tzlichen Einlage.<\/p>\n<p>Durch Schlitzstanzungen oder sonstige Ausstanzungen k\u00f6nnen problemlos Beilagen wie CDs, DVDs, Chipkarten o. \u00e4. in die Decke integriert werden. Es bedarf keiner besonderen maschinellen Ausstattung, um diese Decken zu verarbeiten.<\/p>\n","protected":false},"excerpt":{"rendered":"<p>Mit dem DID-Award 2006 wurde ein Fachbuch ausgezeichnet, welches in einem neuartigen Einbandverfahren hergestellt wurde. Es handelt sich hier um einen Festeinband, der durch die sehr flexible Decke und gute Haptik eine Besonderheit darstellt. Das Buch\u00a0vereint die Optik des Hardcovers mit der Haptik einer Broschur. Die Einlage ist nicht eine steife Pappe in einer Lage, <a href=\"https:\/\/www.di-druck.de\/index.php\/gewinner-2006-grundkurs-programmieren-in-java\/\" class=\"more-link\">...weiterlesen<span class=\"screen-reader-text\"> \"Gewinner 2006: Grundkurs Programmieren in Java\"<\/span><\/a><\/p>\n","protected":false},"author":3,"featured_media":74,"parent":0,"menu_order":0,"comment_status":"closed","ping_status":"closed","template":"","meta":{"footnotes":""},"class_list":["post-73","page","type-page","status-publish","has-post-thumbnail","h-entry","hentry","h-as-page"],"_links":{"self":[{"href":"https:\/\/www.di-druck.de\/index.php\/wp-json\/wp\/v2\/pages\/73","targetHints":{"allow":["GET"]}}],"collection":[{"href":"https:\/\/www.di-druck.de\/index.php\/wp-json\/wp\/v2\/pages"}],"about":[{"href":"https:\/\/www.di-druck.de\/index.php\/wp-json\/wp\/v2\/types\/page"}],"author":[{"embeddable":true,"href":"https:\/\/www.di-druck.de\/index.php\/wp-json\/wp\/v2\/users\/3"}],"replies":[{"embeddable":true,"href":"https:\/\/www.di-druck.de\/index.php\/wp-json\/wp\/v2\/comments?post=73"}],"version-history":[{"count":2,"href":"https:\/\/www.di-druck.de\/index.php\/wp-json\/wp\/v2\/pages\/73\/revisions"}],"predecessor-version":[{"id":162,"href":"https:\/\/www.di-druck.de\/index.php\/wp-json\/wp\/v2\/pages\/73\/revisions\/162"}],"wp:featuredmedia":[{"embeddable":true,"href":"https:\/\/www.di-druck.de\/index.php\/wp-json\/wp\/v2\/media\/74"}],"wp:attachment":[{"href":"https:\/\/www.di-druck.de\/index.php\/wp-json\/wp\/v2\/media?parent=73"}],"curies":[{"name":"wp","href":"https:\/\/api.w.org\/{rel}","templated":true}]}}