{"id":10,"date":"2016-01-29T12:22:04","date_gmt":"2016-01-29T11:22:04","guid":{"rendered":"http:\/\/www.di-druck.de\/?page_id=10"},"modified":"2016-11-10T14:12:03","modified_gmt":"2016-11-10T13:12:03","slug":"stiftung","status":"publish","type":"page","link":"https:\/\/www.di-druck.de\/index.php\/stiftung\/","title":{"rendered":"Stiftung zur F\u00f6rderung der Ausbildung in der Druckindustrie"},"content":{"rendered":"<p>Im April 2008 haben der Bundesverband Druck und Medien (bvdm) und das Deutsche Institut Druck (DID) eine Stiftung zur F\u00f6rderung der Ausbildung in der Druckindustrie gegr\u00fcndet. Im Fokus steht die F\u00f6rderung von Ausbildungsprojekten, Nachwuchswerbung und Berufswettbewerben.<\/p>\n<p>Die Stiftung wendet sich in erster Linie an Unternehmen der Zulieferindustrie, die die Stiftung mit Zuwendungen unterst\u00fctzen k\u00f6nnen. Aber auch Druckunternehmen k\u00f6nnen in die gemeinn\u00fctzige Stiftung Geldmittel einbringen.<\/p>\n<p>Die gemeinn\u00fctzige Stiftung wird vom Deutschen Institut Druck E.V. (DID) verwaltet. Ihre Aufgaben erf\u00fcllt sie aus Ertr\u00e4gen des Stiftungsverm\u00f6gens und aus Zuwendungen. Die Stiftung wird von einem Kuratorium, bestehend aus Vertretern der Stifter und des Stiftungstr\u00e4gers, \u00fcberwacht. F\u00fcr den Fall von Zustiftungen k\u00f6nnen weitere Vertreter in das Kuratorium berufen werden.<\/p>\n<p>Zuwendungen k\u00f6nnen direkt an das Deutsche Institut Druck E.V. (DID) unter dem Stichwort \u201eAusbildungsstiftung\u201c erfolgen. Zuwendungen bitte an:<br \/>\nCommerzbank AG<br \/>\nIBAN: DE02 5108 0060 0043 41 4002<br \/>\nBIC: DRESDEFF510<\/p>\n<p>Nach Eingang der Zustiftung wird eine Steuerbescheinigung ausgestellt.<\/p>\n<p>Die Satzung k\u00f6nnen Sie <a href=\"https:\/\/www.di-druck.de\/wp-content\/uploads\/2016\/02\/Satzung_Stiftung_DID.pdf\" target=\"_blank\">hier<\/a> einsehen. (PDF, 20 KB)<\/p>\n<hr \/>\n","protected":false},"excerpt":{"rendered":"<p>Im April 2008 haben der Bundesverband Druck und Medien (bvdm) und das Deutsche Institut Druck (DID) eine Stiftung zur F\u00f6rderung der Ausbildung in der Druckindustrie gegr\u00fcndet. Im Fokus steht die F\u00f6rderung von Ausbildungsprojekten, Nachwuchswerbung und Berufswettbewerben. Die Stiftung wendet sich in erster Linie an Unternehmen der Zulieferindustrie, die die Stiftung mit Zuwendungen unterst\u00fctzen k\u00f6nnen. Aber <a href=\"https:\/\/www.di-druck.de\/index.php\/stiftung\/\" class=\"more-link\">...weiterlesen<span class=\"screen-reader-text\"> \"Stiftung zur F\u00f6rderung der Ausbildung in der Druckindustrie\"<\/span><\/a><\/p>\n","protected":false},"author":3,"featured_media":0,"parent":0,"menu_order":0,"comment_status":"closed","ping_status":"closed","template":"page-templates\/front-page.php","meta":{"footnotes":""},"class_list":["post-10","page","type-page","status-publish","h-entry","hentry","h-as-page"],"_links":{"self":[{"href":"https:\/\/www.di-druck.de\/index.php\/wp-json\/wp\/v2\/pages\/10","targetHints":{"allow":["GET"]}}],"collection":[{"href":"https:\/\/www.di-druck.de\/index.php\/wp-json\/wp\/v2\/pages"}],"about":[{"href":"https:\/\/www.di-druck.de\/index.php\/wp-json\/wp\/v2\/types\/page"}],"author":[{"embeddable":true,"href":"https:\/\/www.di-druck.de\/index.php\/wp-json\/wp\/v2\/users\/3"}],"replies":[{"embeddable":true,"href":"https:\/\/www.di-druck.de\/index.php\/wp-json\/wp\/v2\/comments?post=10"}],"version-history":[{"count":7,"href":"https:\/\/www.di-druck.de\/index.php\/wp-json\/wp\/v2\/pages\/10\/revisions"}],"predecessor-version":[{"id":63,"href":"https:\/\/www.di-druck.de\/index.php\/wp-json\/wp\/v2\/pages\/10\/revisions\/63"}],"wp:attachment":[{"href":"https:\/\/www.di-druck.de\/index.php\/wp-json\/wp\/v2\/media?parent=10"}],"curies":[{"name":"wp","href":"https:\/\/api.w.org\/{rel}","templated":true}]}}